74?
7
What is the units digit of 7473?
3
What is the hundreds digit of 177166?
1
What is the ten thousands digit of 20216?
2
What is the units digit of 1263?
3
What is the hundreds digit of 5387?
3
What is the hundreds digit of 233?
2
What is the ten thousands digit of 18074?
1
What is the ten thousands digit of 13664?
1
What is the units digit of 12320?
0
What is the thousands digit of 41797?
1
What is the tens digit of 114116?
1
What is the ten thousands digit of 51500?
5
What is the ten thousands digit of 52349?
5
What is the hundreds digit of 1870?
8
What is the units digit of 8081?
1
What is the tens digit of 10821?
2
What is the units digit of 875?
5
What is the units digit of 2654?
4
What is the hundreds digit of 1603?
6
What is the tens digit of 2511?
1
What is the tens digit of 2457?
5
What is the tens digit of 1126?
2
What is the hundreds digit of 384?
3
What is the tens digit of 21146?
4
What is the tens digit of 50869?
6
What is the thousands digit of 21743?
1
What is the units digit of 9066?
6
What is the hundreds digit of 106680?
6
What is the tens digit of 5016?
1
What is the thousands digit of 18409?
8
What is the tens digit of 886?
8
What is the ten thousands digit of 38932?
3
What is the units digit of 2387?
7
What is the hundreds digit of 89192?
1
What is the units digit of 5435?
5
What is the tens digit of 452?
5
What is the ten thousands digit of 36451?
3
What is the units digit of 324?
4
What is the units digit of 1203?
3
What is the hundreds digit of 5506?
5
What is the hundreds digit of 51383?
3
What is the hundreds digit of 1147?
1
What is the hundreds digit of 1243?
2
What is the tens digit of 170?
7
What is the thousands digit of 61165?
1
What is the units digit of 528?
8
What is the tens digit of 1153?
5
What is the hundreds digit of 36068?
0
What is the thousands digit of 1822?
1
What is the hundreds digit of 6087?
0
What is the units digit of 5335?
5
What is the hundreds digit of 21540?
5
What is the hundreds digit of 1814?
8
What is the units digit of 21826?
6
What is the ten thousands digit of 12520?
1
What is the units digit of 1?
1
What is the units digit of 491?
1
What is the hundreds digit of 163543?
5
What is the hundreds digit of 1267?
2
What is the thousands digit of 30073?
0
What is the units digit of 12363?
3
What is the units digit of 1594?
4
What is the thousands digit of 1759?
1
What is the units digit of 86615?
5
What is the thousands digit of 30231?
0
What is the ten thousands digit of 47038?
4
What is the tens digit of 468?
6
What is the thousands digit of 44492?
4
What is the tens digit of 16457?
5
What is the hundreds digit of 20497?
4
What is the thousands digit of 1906?
1
What is the tens digit of 352?
5
What is the thousands digit of 2499?
2
What is the units digit of 529?
9
What is the hundreds digit of 2017?
0
What is the hundreds digit of 60212?
2
What is the units digit of 7935?
5
What is the thousands digit of 1043?
1
What is the ten thousands digit of 12176?
1
What is the hundreds digit of 7450?
4
What is the tens digit of 19664?
6
What is the hundreds digit of 610?
6
What is the hundreds digit of 9212?
2
What is the thousands digit of 32983?
2
What is the tens digit of 991?
9
What is the thousands digit of 1434?
1
What is the tens digit of 331?
3
What is the hundreds digit of 31150?
1
What is the units digit of 2690?
0
What is the thousands digit of 1010?
1
What is the hundreds digit of 901?
9
What is the hundreds digit of 15824?
8
What is the tens digit of 2784?
8
What is the thousands digit of 1144?
1
What is the tens digit of 46298?
9
What is the thousands digit of 112034?
2
What is the units digit of 17277?
7
What is the units digit of 2183?
3
What is the tens digit of 35723?
2
What is the units digit of 5725?
5
What is the hundreds digit of 17600?
6
What is the units digit of 7646?
6
What is the tens digit of 16700?
0
What is the thousands digit of 55386?
5
What is the tens digit of 617?
1
What is the thousands digit of 1163?
1
What is the thousands digit of 3656?
3
What is the ten thousands digit of 21907?
2
What is the hundreds digit of 8248?
2
What is the ten thousands digit of 11518?
1
What is the thousands digit of 8011?
8
What is the tens digit of 10?
1
What is the thousands digit of 25497?
5
What is the hundreds digit of 4103?
1
What is the units digit of 1787?
7
What is the units digit of 3468?
8
What is the thousands digit of 1283?
1
What is the ten thousands digit of 36289?
3
What is the thousands digit of 1531?
1
What is the units digit of 1759?
9
What is the thousands digit of 3118?
3
What is the ten thousands digit of 28370?
2
What is the tens digit of 14558?
5
What is the tens digit of 28521?
2
What is the tens digit of 82312?
1
What is the units digit of 70?
0
What is the tens digit of 3027?
2
What is the units digit of 1247?
7
What is the tens digit of 3303?
0
What is the hundreds digit of 2651?
6
What is the hundreds digit of 4307?
3
What is the tens digit of 1734?
3
What is the tens digit of 5841?
4
What is the units digit of 16614?
4
What is the hundreds digit of 1549?
5
What is the units digit of 14910?
0
What is the tens digit of 52178?
7
What is the tens digit of 6127?
2
What is the thousands digit of 35977?
5
What is the hundreds digit of 5726?
7
What is the hundreds digit of 1367?
3
What is the thousands digit of 9424?
9
What is the units digit of 78868?
8
What is the tens digit of 71247?
4
What is the units digit of 25215?
5
What is the hundreds digit of 3481?
4
What is the units digit of 734?
4
What is the hundreds digit of 1096?
0
What is the thousands digit of 4624?
4
What is the thousands digit of 1401?
1
What is the units digit of 13343?
3
What is the units digit of 37?
7
What is the units digit of 243?
3
What is the thousands digit of 45493?
5
What is the units digit of 778?
8
What is the tens digit of 7354?
5
What is the hundreds digit of 1028?
0
What is the units digit of 29150?
0
What is the units digit of 29355?
5
What is the hundreds digit of 9606?
6
What is the tens digit of 1565?
6
What is the hundreds digit of 621?
6
What is the thousands digit of 11093?
1
What is the hundred thousands digit of 102589?
1
What is the hundreds digit of 30252?
2
What is the tens digit of 96627?
2
What is the hundreds digit of 669?
6
What is the units digit of 33172?
2
What is the thousands digit of 1233?
1
What is the units digit of 3885?
5
What is the hundreds digit of 4094?
0
What is the hundreds digit of 4820?
8
What is the hundreds digit of 342?
3
What is the thousands digit of 2090?
2
What is the thousands digit of 2541?
2
What is the tens digit of 1783?
8
What is the units digit of 995?
5
What is the hundreds digit of 80400?
4
What is the ten thousands digit of 19788?
1
What is the units digit of 5688?
8
What is the units digit of 575?
5
What is the ten thousands digit of 43531?
4
What is the thousands digit of 8440?
8
What is the units digit of 2188?
8
What is the units digit of 57?
7
What is the units digit of 14306?
6
What is the hundreds digit of 531?
5
What is the thousands digit of 6385?
6
What is the tens digit of 66?
6
What is the hundreds digit of 86406?
4
What is the thousands digit of 1124?
1
What is the hundreds digit of 14515?
5
What is the hundreds digit of 124?
1
What is the ten thousands digit of 52073?
5
What is the thousands digit of 1011?
1
What is the tens digit of 24490?
9
What is the tens digit of 10877?
7
What is the hundreds digit of 6824?
8
What is the units digit of 3756?
6
What is the hundreds digit of 32314?
3
What is the tens digit of 12215?
1
What is the tens digit of 6849?
4
What is the hundred thousands digit of 105622?
1
What is the units digit of 31451?
1
What is the tens digit of 3129?
2
What is the thousands digit of 4965?
4
What is the ten thousands digit of 32512?
3
What is the tens digit of 1096?
9
What is the hundreds digit of 154514?
5
What is the ten thousands digit of 66827?
6
What is the units digit of 472?
2
What is the units digit of 494?
4
What is the units digit of 1839?
9
What is the ten thousands digit of 22152?
2
What is the tens digit of 51194?
9
What is the units digit of 3883?
3
What is the tens digit of 13589?
8
What is the thousands digit of 7914?
7
What is the hundreds digit of 8055?
0
What is t